235?
54
Calculate the remainder when 24478 is divided by 144.
142
What is the remainder when 1768 is divided by 287?
46
What is the remainder when 119192 is divided by 3221?
15
Calculate the remainder when 6776 is divided by 748.
44
What is the remainder when 891440 is divided by 111?
110
Calculate the remainder when 31973 is divided by 7991.
9
Calculate the remainder when 6837 is divided by 20.
17
Calculate the remainder when 175980 is divided by 124.
24
What is the remainder when 5921 is divided by 455?
6
Calculate the remainder when 1433912 is divided by 33.
29
What is the remainder when 417306 is divided by 139087?
45
Calculate the remainder when 41739 is divided by 20869.
1
What is the remainder when 4174 is divided by 686?
58
Calculate the remainder when 115505 is divided by 3300.
5
What is the remainder when 1122 is divided by 289?
255
Calculate the remainder when 333 is divided by 294.
39
What is the remainder when 26525 is divided by 309?
260
Calculate the remainder when 3131 is divided by 129.
35
What is the remainder when 579360 is divided by 137?
124
Calculate the remainder when 50944 is divided by 283.
4
What is the remainder when 54889 is divided by 101?
46
What is the remainder when 121115 is divided by 140?
15
Calculate the remainder when 1041599 is divided by 93.
92
Calculate the remainder when 30864 is divided by 1620.
84
Calculate the remainder when 373241 is divided by 27.
20
Calculate the remainder when 31860 is divided by 46.
28
What is the remainder when 1690524 is divided by 95?
94
Calculate the remainder when 3185 is divided by 672.
497
Calculate the remainder when 1171 is divided by 81.
37
Calculate the remainder when 7813 is divided by 1553.
48
What is the remainder when 38489 is divided by 243?
95
What is the remainder when 58816 is divided by 19570?
106
What is the remainder when 29827 is divided by 14786?
255
What is the remainder when 1980 is divided by 134?
104
Calculate the remainder when 1670502 is divided by 463.
461
Calculate the remainder when 19647 is divided by 68.
63
What is the remainder when 64933 is divided by 301?
218
Calculate the remainder when 3439619 is divided by 788.
787
Calculate the remainder when 8475543 is divided by 1571.
1569
What is the remainder when 120 is divided by 72?
48
Calculate the remainder when 8366 is divided by 1392.
14
Calculate the remainder when 736508 is divided by 24.
20
Calculate the remainder when 3305 is divided by 280.
225
What is the remainder when 7537 is divided by 831?
58
What is the remainder when 298054 is divided by 14?
8
Calculate the remainder when 33653 is divided by 1011.
290
Calculate the remainder when 5370680 is divided by 12.
8
What is the remainder when 56937 is divided by 78?
75
Calculate the remainder when 542001 is divided by 94.
91
What is the remainder when 537044 is divided by 1918?
4
What is the remainder when 5541 is divided by 167?
30
Calculate the remainder when 1656 is divided by 136.
24
Calculate the remainder when 9447 is divided by 447.
60
What is the remainder when 7624 is divided by 2503?
115
What is the remainder when 39502 is divided by 3291?
10
What is the remainder when 35029 is divided by 164?
97
What is the remainder when 23289 is divided by 10?
9
What is the remainder when 697165 is divided by 8938?
1
What is the remainder when 1602 is divided by 11?
7
Calculate the remainder when 56853 is divided by 83.
81
Calculate the remainder when 1325 is divided by 127.
55
What is the remainder when 2055896 is divided by 1068?
1064
Calculate the remainder when 56327 is divided by 215.
212
What is the remainder when 15012 is divided by 5001?
9
Calculate the remainder when 11262 is divided by 70.
62
Calculate the remainder when 3679 is divided by 1762.
155
Calculate the remainder when 3286 is divided by 98.
52
What is the remainder when 46836 is divided by 223?
6
What is the remainder when 63837 is divided by 1516?
165
Calculate the remainder when 52406 is divided by 84.
74
What is the remainder when 31190 is divided by 10389?
23
What is the remainder when 1510797 is divided by 1395?
12
What is the remainder when 42446 is divided by 816?
14
What is the remainder when 21765 is divided by 444?
9
What is the remainder when 4392 is divided by 3364?
1028
What is the remainder when 19497 is divided by 116?
9
What is the remainder when 14824 is divided by 1842?
88
Calculate the remainder when 9903 is divided by 779.
555
Calculate the remainder when 20049 is divided by 239.
212
Calculate the remainder when 251271 is divided by 83743.
42
What is the remainder when 42378 is divided by 3530?
18
Calculate the remainder when 15494 is divided by 254.
0
What is the remainder when 9941 is divided by 332?
313
What is the remainder when 236554 is divided by 55?
54
What is the remainder when 42220 is divided by 42217?
3
What is the remainder when 151807 is divided by 4337?
12
What is the remainder when 263 is divided by 113?
37
Calculate the remainder when 29575 is divided by 1474.
95
What is the remainder when 11854 is divided by 216?
190
What is the remainder when 47764 is divided by 46?
16
Calculate the remainder when 3526 is divided by 70.
26
Calculate the remainder when 94456 is divided by 15737.
34
What is the remainder when 5814 is divided by 108?
90
Calculate the remainder when 753604 is divided by 251190.
34
What is the remainder when 70472 is divided by 14?
10
Calculate the remainder when 11195 is divided by 606.
287
What is the remainder when 7881 is divided by 63?
6
What is the remainder when 11135 is divided by 3664?
143
Calculate the remainder when 757 is divided by 633.
124
What is the remainder when 102613 is divided by 342?
13
What is the remainder when 2008915 is divided by 41?
38
Calculate the remainder when 13300116 is divided by 1117.
1114
Calculate the remainder when 14574 is divided by 1435.
224
Calculate the remainder when 48045 is divided by 490.
25
Calculate the remainder when 52944 is divided by 159.
156
Calculate the remainder when 124942 is divided by 44.
26
Calculate the remainder when 35472 is divided by 98.
94
Calculate the remainder when 345248 is divided by 43.
1
Calculate the remainder when 113596 is divided by 20.
16
Calculate the remainder when 199582 is divided by 84.
82
What is the remainder when 4236 is divided by 1377?
105
What is the remainder when 10764157 is divided by 556?
553
Calculate the remainder when 2694 is divided by 888.
30
Calculate the remainder when 202036 is divided by 223.
221
Calculate the remainder when 257686 is divided by 461.
448
What is the remainder when 22185 is divided by 83?
24
What is the remainder when 929807 is divided by 186?
179
What is the remainder when 6398 is divided by 11?
7
What is the remainder when 416326 is divided by 88?
86
What is the remainder when 9029 is divided by 192?
5
Calculate the remainder when 344006 is divided by 743.
740
What is the remainder when 30757 is divided by 24?
13
What is the remainder when 58285 is divided by 10?
5
What is the remainder when 1226 is divided by 1218?
8
Calculate the remainder when 506837 is divided by 51.
50
Calculate the remainder when 28700 is divided by 190.
10
What is the remainder when 7736 is divided by 702?
14
Calculate the remainder when 9817 is divided by 186.
145
What is the remainder when 725727 is divided by 26?
15
What is the remainder when 8006 is divided by 318?
56
Calculate the remainder when 18192 is divided by 9.
3
What is the remainder when 9311 is divided by 2892?
635
Calculate the remainder when 5923 is divided by 2459.
1005
Calculate the remainder when 40015 is divided by 25.
15
What is the remainder when 2131489 is divided by 1516?
1509
Calculate the remainder when 75278 is divided by 333.
20
Calculate the remainder when 969918 is divided by 112.
110
What is the remainder when 232434 is divided by 104?
98
Calculate the remainder when 393895 is divided by 393886.
9
Calculate the remainder when 247526 is divided by 31.
22
What is the remainder when 4647 is divided by 210?
27
Calculate the remainder when 2308 is divided by 695.
223
What is the remainder when 5055353 is divided by 62?
59
What is the remainder when 12524 is divided by 395?
279
What is the remainder when 1664 is divided by 765?
134
Calculate the remai